{"id":227104,"date":"2024-05-28T13:22:32","date_gmt":"2024-05-28T11:22:32","guid":{"rendered":"https:\/\/www.logocrea.com\/store\/?post_type=product&#038;p=227104"},"modified":"2025-06-18T12:23:59","modified_gmt":"2025-06-18T10:23:59","slug":"diseno-de-patron-para-redes-sociales-opcion-1-precio-para-empresa-o-autonomo","status":"publish","type":"product","link":"https:\/\/www.logocrea.com\/store\/producto\/diseno-de-patron-para-redes-sociales-opcion-1-precio-para-empresa-o-autonomo\/","title":{"rendered":"Dise\u00f1o de patr\u00f3n para Redes Sociales. Opci\u00f3n 1. Precio para empresa o aut\u00f3nomo"},"content":{"rendered":"<div>Dise\u00f1o patr\u00f3n para fondo de Historia de RRSS<br \/>\nBasado en el dise\u00f1o del logotipo original<br \/>\nTama\u00f1o optimizado 1080x1920px full HD 9:16 vertical<br \/>\nArchivos entregados: JPG1080 y PNG1080<br \/>\nIncluye 1 correcci\u00f3n<br \/>\nNo incluye nuevo dise\u00f1o de logo<\/div>\n<p>REQUISITOS: Logotipo en SVG. Si necesitas logotipo, visita nuestros <a href=\"https:\/\/www.logocrea.com\/diseno-de-logotipos\/#opciones\" target=\"_blank\" rel=\"noopener\">servicios de dise\u00f1o de logotipos.<\/a><\/p>\n<div>Plazos: En 3 d\u00edas laborables. Plazo m\u00e1ximo de proyecto 14 d\u00edas.<\/div>\n<div><strong>Precio exclusivamente para empresas o aut\u00f3nomos.<\/strong>\u00a0Incluye 21% de IVA y se aplica el 15% de IRPF.<\/div>\n","protected":false},"excerpt":{"rendered":"<p>Dise\u00f1o patr\u00f3n para fondo de Historia de RRSS<br \/>\nBasado en el dise\u00f1o del logotipo original<br \/>\nTama\u00f1o optimizado 1080x1920px full HD 9:16 vertical<br \/>\nArchivos entregados: JPG1080 y PNG1080<br \/>\nIncluye 1 correcci\u00f3n<br \/>\nNo incluye nuevo dise\u00f1o de logo<\/p>\n","protected":false},"featured_media":227108,"comment_status":"closed","ping_status":"closed","template":"","meta":[],"product_brand":[],"product_cat":[31],"product_tag":[152],"class_list":{"0":"post-227104","1":"product","2":"type-product","3":"status-publish","4":"has-post-thumbnail","6":"product_cat-diseno-grafico","7":"product_tag-patron-para-redes-sociales","9":"first","10":"instock","11":"downloadable","12":"virtual","13":"purchasable","14":"product-type-simple"},"yoast_head":"<!-- This site is optimized with the Yoast SEO plugin v27.4 - https:\/\/yoast.com\/product\/yoast-seo-wordpress\/ -->\n<title>Dise\u00f1o de patr\u00f3n para Redes Sociales. Opci\u00f3n 1. Precio para empresa o aut\u00f3nomo - Logocrea\u00ae Store<\/title>\n<meta name=\"description\" content=\"Dise\u00f1o patr\u00f3n para Redes Sociales. Tama\u00f1o optimizado 1080x1920px full HD 9:16 vertical. \u00a1Inf\u00f3rmate!\" \/>\n<meta name=\"robots\" content=\"index, follow, max-snippet:-1, max-image-preview:large, max-video-preview:-1\" \/>\n<link rel=\"canonical\" href=\"https:\/\/www.logocrea.com\/store\/producto\/diseno-de-patron-para-redes-sociales-opcion-1-precio-para-empresa-o-autonomo\/\" \/>\n<meta property=\"og:locale\" content=\"es_ES\" \/>\n<meta property=\"og:type\" content=\"article\" \/>\n<meta property=\"og:title\" content=\"Dise\u00f1o de patr\u00f3n para Redes Sociales. Opci\u00f3n 1. Precio para empresa o aut\u00f3nomo - Logocrea\u00ae Store\" \/>\n<meta property=\"og:description\" content=\"Dise\u00f1o patr\u00f3n para Redes Sociales. Tama\u00f1o optimizado 1080x1920px full HD 9:16 vertical. \u00a1Inf\u00f3rmate!\" \/>\n<meta property=\"og:url\" content=\"https:\/\/www.logocrea.com\/store\/producto\/diseno-de-patron-para-redes-sociales-opcion-1-precio-para-empresa-o-autonomo\/\" \/>\n<meta property=\"og:site_name\" content=\"Logocrea\u00ae Store\" \/>\n<meta property=\"article:publisher\" content=\"https:\/\/www.facebook.com\/logocrea\" \/>\n<meta property=\"article:modified_time\" content=\"2025-06-18T10:23:59+00:00\" \/>\n<meta property=\"og:image\" content=\"https:\/\/www.logocrea.com\/store\/wp-content\/uploads\/2024\/05\/patron1-store.jpg\" \/>\n\t<meta property=\"og:image:width\" content=\"570\" \/>\n\t<meta property=\"og:image:height\" content=\"572\" \/>\n\t<meta property=\"og:image:type\" content=\"image\/jpeg\" \/>\n<meta name=\"twitter:card\" content=\"summary_large_image\" \/>\n<meta name=\"twitter:site\" content=\"@logocrea\" \/>\n<meta name=\"twitter:label1\" content=\"Tiempo de lectura\" \/>\n\t<meta name=\"twitter:data1\" content=\"1 minuto\" \/>\n<script type=\"application\/ld+json\" class=\"yoast-schema-graph\">{\"@context\":\"https:\\\/\\\/schema.org\",\"@graph\":[{\"@type\":\"WebPage\",\"@id\":\"https:\\\/\\\/www.logocrea.com\\\/store\\\/producto\\\/diseno-de-patron-para-redes-sociales-opcion-1-precio-para-empresa-o-autonomo\\\/\",\"url\":\"https:\\\/\\\/www.logocrea.com\\\/store\\\/producto\\\/diseno-de-patron-para-redes-sociales-opcion-1-precio-para-empresa-o-autonomo\\\/\",\"name\":\"Dise\u00f1o de patr\u00f3n para Redes Sociales. Opci\u00f3n 1. Precio para empresa o aut\u00f3nomo - Logocrea\u00ae Store\",\"isPartOf\":{\"@id\":\"https:\\\/\\\/www.logocrea.com\\\/store\\\/#website\"},\"primaryImageOfPage\":{\"@id\":\"https:\\\/\\\/www.logocrea.com\\\/store\\\/producto\\\/diseno-de-patron-para-redes-sociales-opcion-1-precio-para-empresa-o-autonomo\\\/#primaryimage\"},\"image\":{\"@id\":\"https:\\\/\\\/www.logocrea.com\\\/store\\\/producto\\\/diseno-de-patron-para-redes-sociales-opcion-1-precio-para-empresa-o-autonomo\\\/#primaryimage\"},\"thumbnailUrl\":\"https:\\\/\\\/www.logocrea.com\\\/store\\\/wp-content\\\/uploads\\\/2024\\\/05\\\/patron1-store.jpg\",\"datePublished\":\"2024-05-28T11:22:32+00:00\",\"dateModified\":\"2025-06-18T10:23:59+00:00\",\"description\":\"Dise\u00f1o patr\u00f3n para Redes Sociales. Tama\u00f1o optimizado 1080x1920px full HD 9:16 vertical. \u00a1Inf\u00f3rmate!\",\"breadcrumb\":{\"@id\":\"https:\\\/\\\/www.logocrea.com\\\/store\\\/producto\\\/diseno-de-patron-para-redes-sociales-opcion-1-precio-para-empresa-o-autonomo\\\/#breadcrumb\"},\"inLanguage\":\"es\",\"potentialAction\":[{\"@type\":\"ReadAction\",\"target\":[\"https:\\\/\\\/www.logocrea.com\\\/store\\\/producto\\\/diseno-de-patron-para-redes-sociales-opcion-1-precio-para-empresa-o-autonomo\\\/\"]}]},{\"@type\":\"ImageObject\",\"inLanguage\":\"es\",\"@id\":\"https:\\\/\\\/www.logocrea.com\\\/store\\\/producto\\\/diseno-de-patron-para-redes-sociales-opcion-1-precio-para-empresa-o-autonomo\\\/#primaryimage\",\"url\":\"https:\\\/\\\/www.logocrea.com\\\/store\\\/wp-content\\\/uploads\\\/2024\\\/05\\\/patron1-store.jpg\",\"contentUrl\":\"https:\\\/\\\/www.logocrea.com\\\/store\\\/wp-content\\\/uploads\\\/2024\\\/05\\\/patron1-store.jpg\",\"width\":570,\"height\":572,\"caption\":\"Dise\u00f1o de patr\u00f3n para fondo de redes sociales de Logocrea\u00ae\"},{\"@type\":\"BreadcrumbList\",\"@id\":\"https:\\\/\\\/www.logocrea.com\\\/store\\\/producto\\\/diseno-de-patron-para-redes-sociales-opcion-1-precio-para-empresa-o-autonomo\\\/#breadcrumb\",\"itemListElement\":[{\"@type\":\"ListItem\",\"position\":1,\"name\":\"Portada\",\"item\":\"https:\\\/\\\/www.logocrea.com\\\/store\\\/\"},{\"@type\":\"ListItem\",\"position\":2,\"name\":\"Tienda\",\"item\":\"https:\\\/\\\/www.logocrea.com\\\/store\\\/tienda\\\/\"},{\"@type\":\"ListItem\",\"position\":3,\"name\":\"Dise\u00f1o de patr\u00f3n para Redes Sociales. Opci\u00f3n 1. Precio para empresa o aut\u00f3nomo\"}]},{\"@type\":\"WebSite\",\"@id\":\"https:\\\/\\\/www.logocrea.com\\\/store\\\/#website\",\"url\":\"https:\\\/\\\/www.logocrea.com\\\/store\\\/\",\"name\":\"Logocrea\u00ae | Dise\u00f1o de logotipos, web y gr\u00e1fico | Agencia de Branding\",\"description\":\"Logocrea\u00ae es una agencia de dise\u00f1o profesional, especializada en imagen corporativa: dise\u00f1amos logos, webs y realizamos todo tipo de dise\u00f1o gr\u00e1fico desde 2003.\",\"publisher\":{\"@id\":\"https:\\\/\\\/www.logocrea.com\\\/store\\\/#organization\"},\"alternateName\":\"Logocrea\u00ae | Dise\u00f1o de logotipos, web y gr\u00e1fico | Agencia de Branding\",\"potentialAction\":[{\"@type\":\"SearchAction\",\"target\":{\"@type\":\"EntryPoint\",\"urlTemplate\":\"https:\\\/\\\/www.logocrea.com\\\/store\\\/?s={search_term_string}\"},\"query-input\":{\"@type\":\"PropertyValueSpecification\",\"valueRequired\":true,\"valueName\":\"search_term_string\"}}],\"inLanguage\":\"es\"},{\"@type\":\"Organization\",\"@id\":\"https:\\\/\\\/www.logocrea.com\\\/store\\\/#organization\",\"name\":\"Logocrea\u00ae | Dise\u00f1o de logotipos, web y gr\u00e1fico | Agencia de Branding\",\"url\":\"https:\\\/\\\/www.logocrea.com\\\/store\\\/\",\"logo\":{\"@type\":\"ImageObject\",\"inLanguage\":\"es\",\"@id\":\"https:\\\/\\\/www.logocrea.com\\\/store\\\/#\\\/schema\\\/logo\\\/image\\\/\",\"url\":\"https:\\\/\\\/www.logocrea.com\\\/store\\\/wp-content\\\/uploads\\\/2022\\\/11\\\/logocrea-2022-500.jpg\",\"contentUrl\":\"https:\\\/\\\/www.logocrea.com\\\/store\\\/wp-content\\\/uploads\\\/2022\\\/11\\\/logocrea-2022-500.jpg\",\"width\":500,\"height\":163,\"caption\":\"Logocrea\u00ae | Dise\u00f1o de logotipos, web y gr\u00e1fico | Agencia de Branding\"},\"image\":{\"@id\":\"https:\\\/\\\/www.logocrea.com\\\/store\\\/#\\\/schema\\\/logo\\\/image\\\/\"},\"sameAs\":[\"https:\\\/\\\/www.facebook.com\\\/logocrea\",\"https:\\\/\\\/x.com\\\/logocrea\",\"https:\\\/\\\/www.tiktok.com\\\/@logocrea\",\"https:\\\/\\\/www.instagram.com\\\/logocrea.es\"]}]}<\/script>\n<!-- \/ Yoast SEO plugin. -->","yoast_head_json":{"title":"Dise\u00f1o de patr\u00f3n para Redes Sociales. Opci\u00f3n 1. Precio para empresa o aut\u00f3nomo - Logocrea\u00ae Store","description":"Dise\u00f1o patr\u00f3n para Redes Sociales. Tama\u00f1o optimizado 1080x1920px full HD 9:16 vertical. \u00a1Inf\u00f3rmate!","robots":{"index":"index","follow":"follow","max-snippet":"max-snippet:-1","max-image-preview":"max-image-preview:large","max-video-preview":"max-video-preview:-1"},"canonical":"https:\/\/www.logocrea.com\/store\/producto\/diseno-de-patron-para-redes-sociales-opcion-1-precio-para-empresa-o-autonomo\/","og_locale":"es_ES","og_type":"article","og_title":"Dise\u00f1o de patr\u00f3n para Redes Sociales. Opci\u00f3n 1. Precio para empresa o aut\u00f3nomo - Logocrea\u00ae Store","og_description":"Dise\u00f1o patr\u00f3n para Redes Sociales. Tama\u00f1o optimizado 1080x1920px full HD 9:16 vertical. \u00a1Inf\u00f3rmate!","og_url":"https:\/\/www.logocrea.com\/store\/producto\/diseno-de-patron-para-redes-sociales-opcion-1-precio-para-empresa-o-autonomo\/","og_site_name":"Logocrea\u00ae Store","article_publisher":"https:\/\/www.facebook.com\/logocrea","article_modified_time":"2025-06-18T10:23:59+00:00","og_image":[{"width":570,"height":572,"url":"https:\/\/www.logocrea.com\/store\/wp-content\/uploads\/2024\/05\/patron1-store.jpg","type":"image\/jpeg"}],"twitter_card":"summary_large_image","twitter_site":"@logocrea","twitter_misc":{"Tiempo de lectura":"1 minuto"},"schema":{"@context":"https:\/\/schema.org","@graph":[{"@type":"WebPage","@id":"https:\/\/www.logocrea.com\/store\/producto\/diseno-de-patron-para-redes-sociales-opcion-1-precio-para-empresa-o-autonomo\/","url":"https:\/\/www.logocrea.com\/store\/producto\/diseno-de-patron-para-redes-sociales-opcion-1-precio-para-empresa-o-autonomo\/","name":"Dise\u00f1o de patr\u00f3n para Redes Sociales. Opci\u00f3n 1. Precio para empresa o aut\u00f3nomo - Logocrea\u00ae Store","isPartOf":{"@id":"https:\/\/www.logocrea.com\/store\/#website"},"primaryImageOfPage":{"@id":"https:\/\/www.logocrea.com\/store\/producto\/diseno-de-patron-para-redes-sociales-opcion-1-precio-para-empresa-o-autonomo\/#primaryimage"},"image":{"@id":"https:\/\/www.logocrea.com\/store\/producto\/diseno-de-patron-para-redes-sociales-opcion-1-precio-para-empresa-o-autonomo\/#primaryimage"},"thumbnailUrl":"https:\/\/www.logocrea.com\/store\/wp-content\/uploads\/2024\/05\/patron1-store.jpg","datePublished":"2024-05-28T11:22:32+00:00","dateModified":"2025-06-18T10:23:59+00:00","description":"Dise\u00f1o patr\u00f3n para Redes Sociales. Tama\u00f1o optimizado 1080x1920px full HD 9:16 vertical. \u00a1Inf\u00f3rmate!","breadcrumb":{"@id":"https:\/\/www.logocrea.com\/store\/producto\/diseno-de-patron-para-redes-sociales-opcion-1-precio-para-empresa-o-autonomo\/#breadcrumb"},"inLanguage":"es","potentialAction":[{"@type":"ReadAction","target":["https:\/\/www.logocrea.com\/store\/producto\/diseno-de-patron-para-redes-sociales-opcion-1-precio-para-empresa-o-autonomo\/"]}]},{"@type":"ImageObject","inLanguage":"es","@id":"https:\/\/www.logocrea.com\/store\/producto\/diseno-de-patron-para-redes-sociales-opcion-1-precio-para-empresa-o-autonomo\/#primaryimage","url":"https:\/\/www.logocrea.com\/store\/wp-content\/uploads\/2024\/05\/patron1-store.jpg","contentUrl":"https:\/\/www.logocrea.com\/store\/wp-content\/uploads\/2024\/05\/patron1-store.jpg","width":570,"height":572,"caption":"Dise\u00f1o de patr\u00f3n para fondo de redes sociales de Logocrea\u00ae"},{"@type":"BreadcrumbList","@id":"https:\/\/www.logocrea.com\/store\/producto\/diseno-de-patron-para-redes-sociales-opcion-1-precio-para-empresa-o-autonomo\/#breadcrumb","itemListElement":[{"@type":"ListItem","position":1,"name":"Portada","item":"https:\/\/www.logocrea.com\/store\/"},{"@type":"ListItem","position":2,"name":"Tienda","item":"https:\/\/www.logocrea.com\/store\/tienda\/"},{"@type":"ListItem","position":3,"name":"Dise\u00f1o de patr\u00f3n para Redes Sociales. Opci\u00f3n 1. Precio para empresa o aut\u00f3nomo"}]},{"@type":"WebSite","@id":"https:\/\/www.logocrea.com\/store\/#website","url":"https:\/\/www.logocrea.com\/store\/","name":"Logocrea\u00ae | Dise\u00f1o de logotipos, web y gr\u00e1fico | Agencia de Branding","description":"Logocrea\u00ae es una agencia de dise\u00f1o profesional, especializada en imagen corporativa: dise\u00f1amos logos, webs y realizamos todo tipo de dise\u00f1o gr\u00e1fico desde 2003.","publisher":{"@id":"https:\/\/www.logocrea.com\/store\/#organization"},"alternateName":"Logocrea\u00ae | Dise\u00f1o de logotipos, web y gr\u00e1fico | Agencia de Branding","potentialAction":[{"@type":"SearchAction","target":{"@type":"EntryPoint","urlTemplate":"https:\/\/www.logocrea.com\/store\/?s={search_term_string}"},"query-input":{"@type":"PropertyValueSpecification","valueRequired":true,"valueName":"search_term_string"}}],"inLanguage":"es"},{"@type":"Organization","@id":"https:\/\/www.logocrea.com\/store\/#organization","name":"Logocrea\u00ae | Dise\u00f1o de logotipos, web y gr\u00e1fico | Agencia de Branding","url":"https:\/\/www.logocrea.com\/store\/","logo":{"@type":"ImageObject","inLanguage":"es","@id":"https:\/\/www.logocrea.com\/store\/#\/schema\/logo\/image\/","url":"https:\/\/www.logocrea.com\/store\/wp-content\/uploads\/2022\/11\/logocrea-2022-500.jpg","contentUrl":"https:\/\/www.logocrea.com\/store\/wp-content\/uploads\/2022\/11\/logocrea-2022-500.jpg","width":500,"height":163,"caption":"Logocrea\u00ae | Dise\u00f1o de logotipos, web y gr\u00e1fico | Agencia de Branding"},"image":{"@id":"https:\/\/www.logocrea.com\/store\/#\/schema\/logo\/image\/"},"sameAs":["https:\/\/www.facebook.com\/logocrea","https:\/\/x.com\/logocrea","https:\/\/www.tiktok.com\/@logocrea","https:\/\/www.instagram.com\/logocrea.es"]}]}},"_links":{"self":[{"href":"https:\/\/www.logocrea.com\/store\/wp-json\/wp\/v2\/product\/227104","targetHints":{"allow":["GET"]}}],"collection":[{"href":"https:\/\/www.logocrea.com\/store\/wp-json\/wp\/v2\/product"}],"about":[{"href":"https:\/\/www.logocrea.com\/store\/wp-json\/wp\/v2\/types\/product"}],"replies":[{"embeddable":true,"href":"https:\/\/www.logocrea.com\/store\/wp-json\/wp\/v2\/comments?post=227104"}],"wp:featuredmedia":[{"embeddable":true,"href":"https:\/\/www.logocrea.com\/store\/wp-json\/wp\/v2\/media\/227108"}],"wp:attachment":[{"href":"https:\/\/www.logocrea.com\/store\/wp-json\/wp\/v2\/media?parent=227104"}],"wp:term":[{"taxonomy":"product_brand","embeddable":true,"href":"https:\/\/www.logocrea.com\/store\/wp-json\/wp\/v2\/product_brand?post=227104"},{"taxonomy":"product_cat","embeddable":true,"href":"https:\/\/www.logocrea.com\/store\/wp-json\/wp\/v2\/product_cat?post=227104"},{"taxonomy":"product_tag","embeddable":true,"href":"https:\/\/www.logocrea.com\/store\/wp-json\/wp\/v2\/product_tag?post=227104"}],"curies":[{"name":"wp","href":"https:\/\/api.w.org\/{rel}","templated":true}]}}